t is -b4 + 11287a?
112796
In base 8, what is -33416 + -647?
-34265
In base 14, what is 1 + -494715?
-494714
In base 15, what is -2c38 - -1066?
-1bc2
In base 6, what is 24255 + -1254520?
-1230221
In base 2, what is 100110000001011 + 11101110?
100110011111001
In base 10, what is 12 - -5200416?
5200428
In base 14, what is 159 - 94808?
-9468d
In base 10, what is -6 + -58605371?
-58605377
In base 7, what is -6504 - -203446?
163642
In base 3, what is 212221112211222 + 10?
212221112212002
In base 16, what is 5 - -3cb55?
3cb5a
In base 16, what is -81d + -8e6c?
-9689
In base 6, what is -352 + -31502104?
-31502500
In base 13, what is 2a2 + -a0b0c?
-a083a
In base 7, what is 1106 - -14315?
15424
In base 13, what is -2019c47 - 11?
-2019c58
In base 6, what is -250 - 2011050?
-2011340
In base 11, what is 587 - 49a?
98
In base 15, what is -11b0a88 + e?
-11b0a79
In base 5, what is -2024114434 + 14?
-2024114420
In base 3, what is -12200010 + 11002112?
-1120121
In base 16, what is -8f1f - 205a?
-af79
In base 8, what is 1 - -51165075?
51165076
In base 11, what is -77256 + 1239?
-76018
In base 3, what is 10 + -1022210211000?
-1022210210220
In base 13, what is 15 + 89b8?
8a00
In base 9, what is 5 + -55517005?
-55517000
In base 15, what is 43d3a + 2?
43d3c
In base 12, what is 1609 - 4a91?
-3484
In base 6, what is -200230 + -1233350?
-1434020
In base 4, what is -11 - 110121011122?
-110121011133
In base 12, what is -565 + 73211?
72868
In base 12, what is -526586 - -5?
-526581
In base 13, what is -2 - -998a14?
998a12
In base 14, what is 161 - 21934?
-217b3
In base 3, what is 101121022001 + 2210?
101121101211
In base 15, what is -1 - 5cb901?
-5cb902
In base 16, what is 368974 + -3?
368971
In base 2, what is -10101100110001110 + -11000110101?
-10101111111000011
In base 16, what is cad6df + -3?
cad6dc
In base 15, what is 1 + -3d51365?
-3d51364
In base 14, what is 2c + 47330d?
47333b
In base 16, what is 14de37 - 3d?
14ddfa
In base 11, what is -127140 + -578?
-127708
In base 15, what is -50b48 - 20?
-50b68
In base 10, what is 39021 + 6154?
45175
In base 14, what is -1680a8 - -b0?
-167dd8
In base 15, what is -e160 + -2d2?
-e442
In base 9, what is -2757872 - -40?
-2757832
In base 6, what is -22034 + 41241?
15203
In base 16, what is 33224 - -231?
33455
In base 9, what is -331516846 - 4?
-331516851
In base 15, what is -1528bc - 14?
-1528d1
In base 12, what is -4 + 106b096?
106b092
In base 14, what is 7cbb + a93?
8970
In base 9, what is 272742 - 4318?
267423
In base 2, what is 11011 - 10000010000011101101?
-10000010000011010010
In base 10, what is 413851 + 41?
413892
In base 11, what is 5 - 8a544197?
-8a544192
In base 14, what is a589 - 73?
a516
In base 5, what is -2020040322 + 3?
-2020040314
In base 14, what is 1a4d - dd5?
a58
In base 15, what is 6c10 + -daa?
5d55
In base 8, what is 7227114357 + 4?
7227114363
In base 3, what is -1101000010 - 1002221?
-1102010001
In base 4, what is -33 - 200202112213?
-200202112312
In base 8, what is 20565243 - -4?
20565247
In base 7, what is 60646 + -1446?
56200
In base 6, what is 234 - -5150235?
5150513
In base 6, what is 1121440414 - 13?
1121440401
In base 13, what is 2 - -282c061?
282c063
In base 2, what is 0 - -101011101111011100111111?
101011101111011100111111
In base 9, what is 2 - 13426385?
-13426383
In base 3, what is -21120202120122 - 1?
-21120202120200
In base 2, what is 1101 + 1000111011011101011010?
1000111011011101100111
In base 16, what is -8 - c7132?
-c713a
In base 14, what is 8c849 - 14?
8c835
In base 8, what is -1721 - -6517741?
6516020
In base 16, what is -1bd - -1f0a?
1d4d
In base 14, what is -6bb - 153d3?
-15ab0
In base 13, what is -a8 - 22c205?
-22c2b0
In base 5, what is 24 - 21334033?
-21334004
In base 16, what is -98e2f + 1ec?
-98c43
In base 15, what is e963 - -71?
e9d4
In base 14, what is -23d1ba4 - -16?
-23d1b8c
In base 6, what is 1444042 + 5254?
1453340
In base 10, what is -732 - 23535?
-24267
In base 10, what is 1195806 - -87?
1195893
In base 15, what is -332 - 266ad?
-269e0
In base 9, what is 0 - -77302460?
77302460
In base 14, what is -9a24a - 1b?
-9a267
In base 5, what is -10034433342314 + -1?
-10034433342320
In base 9, what is 382713 + -200?
382513
In base 10, what is -2071064 + -11?
-2071075
In base 12, what is -75a7 - 6b5b?
-12546
In base 10, what is -283487 + -85?
-283572
In base 5, what is 0 - 1001301304?
-1001301304
In base 2, what is 111 + -11110110011111000001?
-11110110011110111010
In base 10, what is -2 - -50975041?
50975039
In base 8, what is 3174334242 + -1?
3174334241
In base 5, what is -122323 + 32232?
-40041
In base 4, what is -31 - 1010301221303?
-1010301222000
In base 2, what is -1111001111110 - 11010100000010?
-101001110000000
In base 9, what is -3 + 7802562?
7802558
In base 13, what is -11 + -1b0a250?
-1b0a261
In base 5, what is 123411220 - 304?
123410411
In base 12, what is -43828 - -8?
-43820
In base 5, what is -41201 + -123122?
-214323
In base 2, what is 111011 - 101001110000011101111?
-101001110000010110100
In base 16, what is 11d7c + 8a?
11e06
In base 12, what is 34 - -116094?
116108
In base 12, what is -22 + 37535a?
375338
In base 10, what is 258 - 1888792?
-1888534
In base 12, what is -4 - -56a479?
56a475
In base 5, what is 32331104414 - 10?
32331104404
In base 14, what is -d9 + 579c9a?
579ba1
In base 14, what is -921 + -4c2b?
-574c
In base 6, what is 5 - 51105114?
-51105105
In base 11, what is 13 + -a28128?
-a28115
In base 11, what is a - -223138?
223147
In base 5, what is 1003 + 11032201?
11033204
In base 14, what is 994391 + 2?
994393
In base 7, what is -34 + -11652110?
-11652144
In base 6, what is 10302233 - 231?
10302002
In base 7, what is 3611501 + -201?
3611300
In base 10, what is -14132 + -3806?
-17938
In base 6, what is -4 + -1335004400?
-1335004404
In base 12, what is 1b03 + 453?
2356
In base 9, what is -36164421 + 20?
-36164401
In base 7, what is 23 + -33053100?
-33053044
In base 14, what is 11a48 - -a0?
11b08
In base 15, what is -14 - -4bc99c?
4bc988
In base 6, what is -43 - 11103132?
-11103215
In base 3, what is -1020 + -20220202221?
-20220211011
In base 5, what is -223134013 - 1201?
-223140214
In base 15, what is -a2 + -277d3?
-27885
In base 16, what is a - 2828be1?
-2828bd7
In base 7, what is 225214604 + -11?
225214563
In base 10, what is -11851 - -926?
-10925
In base 10, what is 42737740 - 4?
42737736
In base 9, what is 101 + 70168?
70270
In base 13, what is 3 + 51acc1?
51acc4
In base 7, what is 2103 + -30566?
-25463
In base 4, what is 13301330003 + 0?
13301330003
In base 12, what is -1 - -7365782?
7365781
In base 12, what is -578259 + 0?
-578259
In base 15, what is -1d0 + -37059?
-37239
In base 5, what is 10142133014344 - 3?
10142133014341
In base 15, what is -13862e4 - -6?
-13862dd
In base 16, what is -916 - 11d2?
-1ae8
In base 14, what is 1292ab + 16?
1292c3
In base 6, what is -5145 + -22511125?
-22520314
In base 6, what is -452 - -2151414?
2150522
In base 7, what is -50426464 + 5?
-50426456
In base 10, what is 8327 - 6254?
2073
In base 2, what is 11 - 111011001000101101111?
-111011001000101101100
In base 3, what is -20210010 + -101200111?
-122110121
In base 12, what is 2 - 1352521?
-135251b
In base 11, what is -552 + 169a7a?
169528
In base 3, what is -101000201110 - 2222102?
-101010200212
In base 15, what is -2454 + 572a?
32c6
In base 8, what is -6762 + 15003?
6021
In base 9, what is -42004 - 351?
-42355
In base 11, what is -3389998 + -115?
-338a002
In base 2, what is 100 + -100110101111000111110?
-100110101111000111010
In base 12, what is 380b2b5 - 4?
380b2b1
In base 11, what is 195a4 - 4a9?
190a6
In base 14, what is 151b7d + -a?
151b73
In base 2, what is 11101101110101010 + -10100111111?
11101011001101011
In base 16, what is -b3b + 3595?
2a5a
In base 7, what is -1050 + -2453?
-3533
In base 12, what is -49636784 - -4?
-49636780
In base 9, what is -86254 - -1026?
-85227
In base 12, what is -161584 + 39?
-161547
In base 15, what is -103d5a + -3b?
-103d96
In base 5, what is 44204 + 14340?
114044
In base 10, what is -94020 - 284?
-94304
In base 15, what is 1350975 - 0?
1350975
In base 8, what is 2 - -634171723?
634171725
In base 7, what is -346623113 - -2?
-346623111
In base 13, what is -76 - 4c51b?
-4c594
In base 13, what is 2027 + -ba50?
-9a26
In base 15, what is 65